pose 0 = -11*d + 4*d + 2688. Suppose -2*u + s + 192 = 0, -2*u = 2*u - 4*s - d. Calculate the greatest common factor of u and 12.
12
Let x(k) = -2*k**2 + 17*k - 39. Let v be x(5). Let u(f) = -100*f - 316. Let r be u(v). What is the greatest common divisor of 1428 and r?
84
Suppose -14*y + 24 = -10*y. Suppose y*p = 235 + 35. What is the highest common divisor of p and 15?
15
Let i(o) = 5*o**2 - 249*o - 2530. Let y be i(-10). Calculate the highest common factor of 1196 and y.
92
Let u be (-2)/((4 + -13)/(-126)). Let f be (-12)/u - -5093*(-3)/(-21). What is the greatest common factor of f and 56?
56
Let k(r) = -27*r - 1. Let m be k(2). Let v be 1 - 0 - -8*(-34)/(-4). Let z = v + m. Calculate the highest common factor of 7 and z.
7
Let p(q) = q**3 + 11*q**2 + 15*q + 12. Let j = 2 + -10. Let m be p(j). Suppose 2*n - m = n. What is the greatest common divisor of 12 and n?
12
Let j be (68/(-6) - -10)/(12/(-45)). Calculate the highest common factor of j and 64.
1
Let n = -2032 + 5686. Calculate the greatest common divisor of 14 and n.
14
Suppose 210 = 3*n + 4*s, n - 2*s - 9 = 51. What is the highest common factor of n and 1111?
11
Let s be (-11 + (-145)/15)/((-2)/27). Suppose 6*r - 111 - s = 0. Let y = -5 - -10. What is the greatest common divisor of y and r?
5
Let t = 16812 - 16234. What is the highest common divisor of t and 68?
34
Let a(c) = 10*c. Let f be a(3). Suppose 19*k - 622 = 233. What is the highest common divisor of f and k?
15
Let h be (8*(-3)/(-30))/((-12)/(-90)). Suppose -48 = -h*u - 6*u. What is the greatest common factor of 6 and u?
2
Suppose 0 = y - 8, 21*w - 26*w - 3*y + 104 = 0. Let j = 61 - -67. What is the greatest common factor of w and j?
16
Let j = 8626 - 8506. Suppose 0 = -3*n + 224 + 1. Calculate the highest common factor of j and n.
15
Let i be 40/(-43 - -45 - -3). Suppose 0 = 2*z - 4*h - 90 - 98, -349 = -4*z - h. Calculate the highest common factor of i and z.
8
Suppose 3*v - 26 = 4. Let w(r) = -11*r + 271. Let h be w(16). What is the greatest common factor of h and v?
5
Let o be -6 + -6*3/(-18). Let h be 176/40 - (-2)/o. What is the highest common factor of h and 156?
4
Let k be 78 + 3 + (-15)/(-1 - -4). Suppose k = 4*b - 0*b. What is the greatest common divisor of b and 133?
19
Let t(j) = -7*j**2 + 14*j + 14. Let o be t(0). Calculate the highest common divisor of 344 and o.
2
Let f = 557 - -691. Suppose 0 = 2*j - n - 2176, 2025 = 3*j + 3*n - f. What is the greatest common factor of j and 99?
99
Suppose 2*v + 0*x - x = 117, -4*v = 2*x - 222. Suppose -54 = 375*b - 369*b. Let z = b + v. What is the greatest common divisor of 80 and z?
16
Let z(t) = -47*t + 484. Let w be z(9). Let v = 605 + 66. Calculate the highest common factor of v and w.
61
Suppose 22*d - 800 + 268 - 744 = 0. Calculate the highest common factor of 10469 and d.
29
Let w(d) = -156*d - 1587. Let u be w(-20). What is the highest common factor of u and 84?
21
Suppose 4782*f - 6 = 4776*f. What is the greatest common factor of f and 27?
1
Suppose 0 = -2*d + 5*k + 33, 0*d + 2*k = 5*d - 30. Let r(y) = 6*y**2. Let j be r(d). What is the greatest common factor of 24 and j?
24
Let y = 351 + -339. Suppose 3*a = -0*f + 2*f + 53, -f + 26 = a. Let l = 24 - a. What is the greatest common factor of y and l?
3
Let k(y) = -y**2 - 61*y - 53. Let l be k(-60). Calculate the greatest common divisor of l and 119.
7
Let v(i) = -221*i - 871. Let u be v(-4). What is the highest common divisor of 11 and u?
1
Let t(c) = -c**2 - 29*c - 42. Let d be t(-26). Let z(b) = -2*b**2 - 15*b + 4. Let s be z(-12). Let h = -56 - s. What is the highest common divisor of d and h?
12
Let y(r) = -11*r**2 + r**3 + 10 - 7*r - 25 + 5 + 20*r. Let v be y(10). Calculate the greatest common factor of 135 and v.
5
Suppose 52*k + d - 19 = 51*k, 0 = 5*d - 25. Calculate the highest common factor of k and 7042.
14
Let x be 5 - 2 - 2 - -120. Let y = -121 + x. Suppose 9*s - 4*s + 1 = -4*d, y = -3*d - 4*s - 1. Calculate the greatest common divisor of d and 6.
1
Let c(i) = i**2 + 6*i - 8. Let p be c(-10). Let v(f) = 4*f - 6*f - 6 + p + f. Let b be v(8). What is the greatest common divisor of 9 and b?
9
Suppose -419*s - 95 = -424*s. Let o be (-2)/3 - (-146)/3. Suppose -142 = -5*q + o. Calculate the greatest common factor of q and s.
19
Let l(n) = -6*n**3 - n**2 + 50*n + 238. Let t be l(-4). Calculate the highest common divisor of 116 and t.
58
Let r(f) = f**2 + 2*f - 666. Let i be r(-76). Calculate the greatest common divisor of 222 and i.
74
Suppose -4*l + x + 62 = 0, 0*l + 18 = l + x. Let m(t) = 15*t - 235. Let q be m(l). Let n = -33 - -68. What is the greatest common factor of q and n?
5
Let f(o) = 2*o + 1. Let t be f(5). Let p be (0 - 1)/(190/48 + -4). Suppose -p*n + 23*n + 1 = 0. What is the greatest common divisor of n and t?
1
Let v = -22982 - -23074. Let q = 31 - 11. Let l = q - -3. Calculate the greatest common divisor of v and l.
23
Suppose 9*g - 740 = 2577 + 5269. What is the greatest common factor of g and 18?
18
Suppose 3*n + 359 - 635 = 4*z, z = 6*n - 510. What is the highest common divisor of n and 340?
4
Suppose -10508 = -40*q + 5772. What is the greatest common factor of 132 and q?
11
Suppose -4*z - 4*h + 281 = -5*h, 5*z + 2*h = 335. Suppose 104*t - 102*t = -a + 146, -t = a - 142. Calculate the greatest common divisor of a and z.
69
Let a = -8823 + 11595. Calculate the highest common factor of a and 1260.
252
Suppose -14*a - 49 = 455. Let f be -3*(-3 - 76/a)*3. Suppose 219 - 139 = 2*m. What is the highest common divisor of f and m?
8
Let z(s) = 2*s**3 - 110*s**2 - 72*s - 60. Let m be z(56). Calculate the greatest common divisor of 180 and m.
20
Let t be (-2)/7 + 184/7. Suppose 0 = -5*b + 3*g - 1182, 187 + 527 = -3*b + 3*g. Let w be (-13)/(-5 - b/48). Calculate the greatest common divisor of t and w.
26
Let m = 11 - 5. Suppose m + 2 = 4*g. Suppose -91 = -2*n + f, -5*n + g*f + 223 = 4*f. Calculate the highest common divisor of 30 and n.
15
Let n be 12/(-66) - 3810*92/(-88). What is the greatest common factor of n and 7?
7
Let h(t) = 33*t + 1127. Let s be h(-34). What is the highest common divisor of 1135 and s?
5
Let v be 4*((-52)/16 + 4). Suppose 4*k + 38 = v*l, 5*l - 3*k - 43 = 24. Calculate the highest common divisor of 14 and l.
14
Let c = 3706 + -3551. Suppose -93 = -o - 3*u, u = -3*o + 5*u + 279. Calculate the highest common factor of c and o.
31
Suppose 174*y - 178*y = -4*u + 1692, -2*y + 2 = 0. Calculate the highest common factor of u and 216.
8
Suppose 5*q - 3*s - 111 = 0, -3*s + 53 + 25 = 4*q. Calculate the greatest common divisor of 1253 and q.
7
Suppose 93*c - 47250 = -69*c - 216*c. What is the greatest common divisor of 25 and c?
25
Suppose 1 - 27 = -o. Let k(f) = 24*f - 123. Let g be k(11). Let y = g - 128. What is the highest common divisor of y and o?
13
Let w(a) = 21*a - 133 - 11 - 85 + 29. Let h be w(18). Calculate the greatest common factor of h and 2.
2
Suppose -961*u + 3900 = -941*u. Let v = 42 - -36. What is the highest common factor of u and v?
39
Suppose 627*a - 313*a - 325*a + 10912 = 0. Calculate the highest common factor of a and 8.
8
Suppose 0*n + 5*n = 75. Suppose 5*u - n = 0, -5*f + 74*u - 72*u + 74 = 0. Calculate the highest common divisor of f and 24.
8
Suppose 431 = 2*a + 5*c + 26, 3*a - 3*c = 639. Calculate the highest common factor of 750 and a.
30
Let o(l) = -l**3 + 23*l**2 - 30*l - 155. Let v be o(16). Calculate the highest common divisor of v and 13.
13
Let f = -11424 - -12089. What is the greatest common factor of f and 2527?
133
Suppose 0*y + 3696 = 7*y. Let x(b) = b**3 - 9*b**2 + 10*b - 79. Let j be x(9). What is the highest common factor of y and j?
11
Let o(u) = u**2 + 7*u - 112. Let q be o(8). Calculate the highest common factor of q and 5608.
8
Let q(b) = 6*b**2 + 2*b + 1. Let i be q(-2). Let n be (-236)/(-13) - (-42)/(-273). Let d be 186 + n/12 + 3/2. What is the greatest common factor of i and d?
21
Suppose -s + 2*o + 22 + 33 = 0, 2*s - 75 = -3*o. Calculate the highest common divisor of 835 and s.
5
Let x = -51 - -88. Let k(s) = -158*s + 2239. Let w be k(13). What is the highest common factor of x and w?
37
Let k(r) = -7*r + 242. Let h be k(34). Suppose 2*i = h*s + 18, 3*i + 0*i - 5*s - 23 = 0. What is the highest common factor of i and 56?
1
Suppose -